s divided by 2.
0
Let u be 9/(-12)*-2*54. Let n = u + -39. What is the remainder when n is divided by 11?
9
Let n = 141 - 84. Calculate the remainder when n is divided by 20.
17
Suppose 0*q = 5*u + 2*q - 37, q - 15 = -2*u. Let b be (39/(-6))/(2/(-8)). Suppose 3*h - b = h. Calculate the remainder when h is divided by u.
6
Let q(s) = -s + 15. Let w = 17 + -10. What is the remainder when 15 is divided by q(w)?
7
Suppose 12 = -6*j + 5*j. Let h = 18 - j. Let y = -20 + h. What is the remainder when y is divided by 4?
2
Let h(y) = -y**2 - 11*y + 12. Let b be h(-9). Suppose -z = z - b. Calculate the remainder when 43 is divided by z.
13
Suppose -w = -90 + 18. Let g = 27 - 12. Calculate the remainder when w is divided by g.
12
Let z(k) = -k + 8. Let v(u) = -4*u - 2. Let x be v(-2). Let b be z(x). Calculate the remainder when b - 35*(-2 + 1) is divided by 13.
11
Suppose 6 - 14 = -2*k. Calculate the remainder when 26 is divided by 15*(1 - k/10).
8
Let c = 8 + -11. Calculate the remainder when 30 is divided by (-4)/2 - 30/c.
6
Calculate the remainder when 132 is divided by (-185)/(-7) + (-40)/(-70).
24
Let f = -57 + 113. Suppose 0 = 2*j - 4*b - f, b = 3*j - 36 - 68. What is the remainder when j is divided by 19?
17
Suppose 0 = -4*k + k + 105. Calculate the remainder when k is divided by (-957)/(-77) + 6/(-14).
11
Suppose -127 = 8*i - 9*i. Suppose 4*x - i = 9. Calculate the remainder when x is divided by 9.
7
Let z(v) = 5 + 6 - 13 + 4*v - 3*v. Calculate the remainder when 25 is divided by z(11).
7
Suppose 5*i = 3*i + 104. Calculate the remainder when i is divided by 11.
8
Let s be (-1)/((0 + -1)*1). Suppose -5*x + i + 0 = -103, 5*i - 31 = -x. Suppose z = s + x. What is the remainder when 64 is divided by z?
20
Let h = 102 + -15. What is the remainder when h is divided by 44?
43
Let y(z) = 2*z**2 - 4. Calculate the remainder when y(4) is divided by 10.
8
Suppose -9*g + 1789 = 25. What is the remainder when g is divided by 18?
16
Let n(q) = -4*q - 7. Let r be n(-9). Let g = -20 + r. What is the remainder when 35 is divided by g?
8
Suppose 0 = 58*z - 62*z + 136. Calculate the remainder when 97 is divided by z.
29
Let c(z) = -z**3 - 11*z**2 - 10*z + 4. Suppose 3*s - 2*p = -24, -s + 5*p = -4*s - 45. Calculate the remainder when ((-20)/6)/(1/(-3)) is divided by c(s).
2
What is the remainder when (-11 - -12)/(-2*1/(-94)) is divided by 13?
8
Let k be 0*(-3 - 21/(-6)). Let i(a) = -3*a + 25 + 3*a - a**2 - a. Calculate the remainder when i(k) is divided by 14.
11
Suppose -2*d + 186 = y, d = 5*d - 4*y - 372. Let h = -45 + d. Calculate the remainder when h is divided by 10.
8
Let a = 11 - 2. Suppose 0 = 16*g - 20*g + 100. Calculate the remainder when g is divided by a.
7
Suppose 32*b - 27*b - 105 = 0. Calculate the remainder when 62 is divided by b.
20
Suppose 75*u - 60 = 70*u. Calculate the remainder when u is divided by 4.
0
What is the remainder when 106 is divided by (-26)/4*-4 - -1?
25
Let j(q) = q**2 - 2*q - 2. Let b be j(3). Let i(o) = -1 + 4*o**2 + 2*o + 3*o**2 - 4*o**2. Calculate the remainder when 10 is divided by i(b).
2
Let s(l) = l**2 + 6*l + 12. What is the remainder when 21 is divided by s(-5)?
0
Suppose n + 5*f = -4*n + 30, -f = 5*n - 26. Suppose -p = 4*q + 1 - 14, 0 = 3*q. What is the remainder when p is divided by n?
3
Let g(c) = c**2 - 7*c - 6. Suppose 4*j - 5 = -j. Suppose d + j = 2. What is the remainder when g(8) is divided by d?
0
Suppose -r + 34 = 5*k, 0 = k - 1 - 0. Calculate the remainder when r is divided by 5.
4
Let r(s) = 23*s**3 + 2*s**2 + s. Let p be r(-1). Let v = p - -31. Calculate the remainder when 25 is divided by v.
7
Let l(q) = -9*q + 6. Let f be l(-6). Let b = 91 - f. Suppose 0 = -3*i - 4*g + g + 45, -5*g = 2*i - 42. What is the remainder when b is divided by i?
9
Suppose -u + 20 = 3*v - 5*v, 4 = -u - 4*v. What is the remainder when u is divided by 7?
5
What is the remainder when 3 is divided by 1/2 - 2/(-4)?
0
Suppose -142 + 477 = 3*u + 2*g, 3*u - 3*g - 345 = 0. What is the remainder when u is divided by 29?
26
Let d(r) = r**3 - r**2 - r + 3. What is the remainder when d(3) is divided by 10?
8
Let b = 1 + 8. Suppose a + b - 35 = 0. What is the remainder when -1 + 3 + a + -2 is divided by 14?
12
Suppose d = 5*t + 28, -4*d - 3*t + 16 = t. What is the remainder when 31 is divided by d?
7
Suppose 64 = 4*a - 48. Calculate the remainder when 165 is divided by a.
25
Calculate the remainder when 202 is divided by (-4)/5 - 518/(-10).
49
Let u(f) = 3*f + 2. Let x = 84 + -30. Calculate the remainder when -5*(-1 + x/(-10)) is divided by u(5).
15
Suppose -4*m = 4*t - 2*m - 4, 0 = 4*t - 2*m - 20. Calculate the remainder when 8 is divided by t.
2
Suppose 2*k + 23 = -5*o, k - 11 + 3 = 4*o. Let q = 0 - k. What is the remainder when q is divided by 3?
1
Suppose -9*o + 7*o = -28. What is the remainder when 55 is divided by o?
13
Let l be (-1593)/(-15) + 1/(-5). Let z = 42 - l. What is the remainder when 10 is divided by (-10)/(-55) - z/11?
4
Let u = -80 - -233. What is the remainder when u is divided by 52?
49
Let x(c) = c**3 - 3*c**2 - c + 5. Suppose k - 209 + 200 = 0. What is the remainder when x(4) is divided by k?
8
Suppose -4*m + 5*y + 150 = 0, -152 = -4*m + 4*y - 0*y. Suppose -4*f - 82 = -5*u, -5*u - 4*f + 30 = -2*u. What is the remainder when m is divided by u?
12
Let p = -14 + 53. Suppose -g - 3*d = -8*d - 10, -30 = -3*g - 2*d. Calculate the remainder when p is divided by g.
9
Let f = -60 + 87. Calculate the remainder when f is divided by 7.
6
What is the remainder when (3/(-21) - 12/14) + 40 is divided by 10?
9
Suppose 3*t - 2*b - 96 = b, t + 2*b = 38. Suppose 14 - t = -5*q. Suppose 0 = f - j - 9, 0 = -2*f - j - 4*j + 4. Calculate the remainder when f is divided by q.
3
Let w(a) = -3*a + 5. Calculate the remainder when w(-4) is divided by (2 + -1)*(6 + 3).
8
Suppose 9 - 63 = -3*g. Calculate the remainder when 51 is divided by g.
15
Suppose 0 = -4*w + 4*b, -3*b - 3 = 2*w - 6*b. Suppose w*o = -2*l + 58, -127 = -5*l - o - 2*o. Let p = 4 + 4. What is the remainder when l is divided by p?
7
Let z(o) = -o**2 + 7*o + 13. Let f be z(8). What is the remainder when 8 is divided by (f*(-2 - -1))/(-1)?
3
Let p be ((-6)/(-4))/((-6)/40). Calculate the remainder when (-124)/(-12) - (-2)/3 is divided by (-58)/p + 4/20.
5
Let w(b) = b. Let d be w(2). Suppose 6*x + 8 = 7*x + 4*k, 2*k + 24 = 3*x. What is the remainder when (5 - (-1 + -1))*d is divided by x?
6
Let n = 117 + -99. Let a(i) = i**2 - 3*i - 1. What is the remainder when a(-6) is divided by n?
17
Suppose 0 = -0*w + 5*w - 30. Suppose 2*z + 4*r = 20, r + 10 = w*r. What is the remainder when 11 is divided by z?
5
Calculate the remainder when (8/(-1) - -4) + 68 is divided by 24.
16
Let d = -14 + 19. Let b = 11 + -2. Calculate the remainder when b is divided by d.
4
Calculate the remainder when 39 is divided by -8*(25/2)/(-5).
19
Suppose -4*h + 28 = 12. Let c(l) = l**3 - l**2 - l + 4. Let n be c(0). Suppose -n = -h*v + 8. What is the remainder when 7 is divided by v?
1
Let u(l) be the second derivative of -9*l**5/10 + l**4/12 - l**2/2 - 2*l. What is the remainder when 34 is divided by u(-1)?
16
Let o = 23 + -44. What is the remainder when (-2008)/(-72) + (-3)/(-27) is divided by (-4)/(-14) - 309/o?
13
Suppose -m = -4*y - 7 + 67, -5*m - 48 = -2*y. Calculate the remainder when 26 is divided by y.
12
Suppose -4*b + 2*b - 2*k + 10 = 0, -3*k - 3 = b. Suppose -2*d = -d - b. Calculate the remainder when 33 is divided by d.
6
Let l = 7 - -5. Let f be -7 + (-2)/4*-2. Let u = l + f. What is the remainder when 11 is divided by u?
5
Let q = 0 + 0. Suppose q = -j - 2*j + 21. Calculate the remainder when 2*9/((-27)/(-30)) is divided by j.
6
Suppose -5*t + 149 = -31. Suppose w = -2*w + 3*h + 48, 2*h = 5*w - 71. What is the remainder when t is divided by w?
10
Let r(l) = 4*l**3 - 2*l**2 + 4*l - 3. Suppose 50 = 5*q - 25. Calculate the remainder when r(2) is divided by q.
14
Suppose -3*o + o + 28 = 0. Calculate the remainder when 318/8 - 39/52 is divided by o.
11
Let i be (3 + 2)*24/5. Suppose -8*y = -4*y + 4. Calculate the remainder when i + 1 - (-2 - y) is divided by 9.
8
Suppose 0 = 4*t - 4, 4*a - t - 15 = -0*t. Suppose -4*m = y - 10, 4*y + 16 - 56 = a*m. What is the remainder when 27 is divided by y?
7
Let r(x) 